{"id":67,"date":"2017-11-15T22:43:19","date_gmt":"2017-11-15T21:43:19","guid":{"rendered":"http:\/\/wp.mechels.de\/?page_id=67"},"modified":"2024-12-19T11:25:28","modified_gmt":"2024-12-19T10:25:28","slug":"start","status":"publish","type":"page","link":"https:\/\/www.mechels.de\/","title":{"rendered":"Herzlich Willkommen"},"content":{"rendered":"<p>in den G\u00e4steappartements Mechels<\/p>\n<p>Nach einer Kernsanierung von \u201eMechels Huss\u201c wurden f\u00fcr Sie drei Ferienwohnungen eingerichtet.<\/p>\n<p>Das 1676 erbaute Fachwerkhaus mit dem Hausnamen \u201eMechels\u201c ist eines der \u00e4ltesten H\u00e4user von Wilnsdorf und steht im alten Ortskern, welcher sich rund um die ev. Kirche erstreckt.<br \/>\nDas als\u00a0Bauernhaus errichtete Geb\u00e4ude wurde\u00a0als solches viele hundert Jahre genutzt, bis\u00a0wir 2005 mit der Kernsanierung des Geb\u00e4udes begannen und es aus seinem Dornr\u00f6schenschlaf erweckten.<\/p>\n<p>Heute erstrahlt das\u00a0Fachwerk in seinen urspr\u00fcnglichen Farben braun und wei\u00df und der neugestaltete Garten mit seinen duftenden Blumen und Kr\u00e4utern l\u00e4dt zu gem\u00fctlichen Stunden auf der Terrasse ein.<\/p>\n<p>Im Erdgeschoss des Haupthauses befindet sich das erste G\u00e4steappartement. Dieses wurde 2011 fertiggestellt und barrierefrei gestaltet, denn es ist uns wichtig, dass diese Wohnung f\u00fcr Menschen mit und ohne Handicap genutzt werden kann und Sie sich bei uns rundum wohl f\u00fchlen.<\/p>\n<p>Im Nebengeb\u00e4ude welches wir von 2018 &#8211; 2021 ebenfalls kernsaniert haben, erwarten Sie zwei weitere au\u00dfergew\u00f6hnliche Ferienappartements mit ganz besonderer Atmosph\u00e4re aus alter Bausubstanz und modernem Einrichtungsstil in der Sie sich sofort heimisch f\u00fchlen und Ihren Aufenthalt entspannt genie\u00dfen werden.<\/p>\n<p>Die Qualit\u00e4t unserer Unterk\u00fcnfte wurde im November 2022 mit folgenden Auszeichnungen best\u00e4tigt:<\/p>\n<p><a href=\"http:\/\/sterneferien.de\"><img loading=\"lazy\" decoding=\"async\" class=\"alignnone wp-image-640\" src=\"http:\/\/wp.mechels.de\/wp-content\/uploads\/2022\/11\/img_5177-300x300.png\" alt=\"\" width=\"222\" height=\"222\" srcset=\"https:\/\/www.mechels.de\/wp-content\/uploads\/2022\/11\/img_5177-300x300.png 300w, https:\/\/www.mechels.de\/wp-content\/uploads\/2022\/11\/img_5177-150x150.png 150w, https:\/\/www.mechels.de\/wp-content\/uploads\/2022\/11\/img_5177-768x768.png 768w, https:\/\/www.mechels.de\/wp-content\/uploads\/2022\/11\/img_5177-100x100.png 100w, https:\/\/www.mechels.de\/wp-content\/uploads\/2022\/11\/img_5177.png 1000w\" sizes=\"auto, (max-width: 222px) 100vw, 222px\" \/><\/a>\u00a0 \u00a0<a href=\"http:\/\/www.rothaarsteig.de\/\" target=\"_blank\" rel=\"noopener\"><img loading=\"lazy\" decoding=\"async\" class=\"alignnone wp-image-636\" src=\"http:\/\/wp.mechels.de\/wp-content\/uploads\/2022\/11\/52925418-1EC8-4CE4-B65D-8DBF08F4352F-212x300.jpeg\" alt=\"\" width=\"157\" height=\"222\" srcset=\"https:\/\/www.mechels.de\/wp-content\/uploads\/2022\/11\/52925418-1EC8-4CE4-B65D-8DBF08F4352F-212x300.jpeg 212w, https:\/\/www.mechels.de\/wp-content\/uploads\/2022\/11\/52925418-1EC8-4CE4-B65D-8DBF08F4352F.jpeg 650w\" sizes=\"auto, (max-width: 157px) 100vw, 157px\" \/><\/a>\u00a0 \u00a0 \u00a0\u00a0<a href=\"http:\/\/www.wanderbares-deutschland.de\/\" target=\"_blank\" rel=\"noopener\"><img loading=\"lazy\" decoding=\"async\" class=\"alignnone wp-image-637\" src=\"http:\/\/wp.mechels.de\/wp-content\/uploads\/2022\/11\/22CDAB3B-E6C3-44A5-86FF-93F780380E8E-270x300.jpeg\" alt=\"\" width=\"200\" height=\"222\" srcset=\"https:\/\/www.mechels.de\/wp-content\/uploads\/2022\/11\/22CDAB3B-E6C3-44A5-86FF-93F780380E8E-270x300.jpeg 270w, https:\/\/www.mechels.de\/wp-content\/uploads\/2022\/11\/22CDAB3B-E6C3-44A5-86FF-93F780380E8E-768x852.jpeg 768w, https:\/\/www.mechels.de\/wp-content\/uploads\/2022\/11\/22CDAB3B-E6C3-44A5-86FF-93F780380E8E.jpeg 804w\" sizes=\"auto, (max-width: 200px) 100vw, 200px\" \/><\/a><\/p>\n<p>Im April 2024 wurden die G\u00e4steappartements zus\u00e4tzlich zum nachhaltigen Reiseziel ernannt.<\/p>\n<p><img loading=\"lazy\" decoding=\"async\" class=\"alignnone size-medium wp-image-680\" src=\"https:\/\/www.mechels.de\/wp-content\/uploads\/2024\/04\/Bild-300x118.jpeg\" alt=\"\" width=\"300\" height=\"118\" srcset=\"https:\/\/www.mechels.de\/wp-content\/uploads\/2024\/04\/Bild-300x118.jpeg 300w, https:\/\/www.mechels.de\/wp-content\/uploads\/2024\/04\/Bild.jpeg 380w\" sizes=\"auto, (max-width: 300px) 100vw, 300px\" \/><\/p>\n<p>Wir hoffen\u00a0Sie\u00a0bald herzlichst willkommen zu hei\u00dfen.<\/p>\n<p>Genie\u00dfen Sie die Zeit bei uns und erholen Sie sich gut!<\/p>\n<p>Ihre Familie Braukmann<\/p>\n","protected":false},"excerpt":{"rendered":"<p>in den G\u00e4steappartements Mechels Nach einer Kernsanierung von \u201eMechels Huss\u201c wurden f\u00fcr Sie drei Ferienwohnungen eingerichtet. Das 1676 erbaute Fachwerkhaus mit dem Hausnamen \u201eMechels\u201c ist eines der \u00e4ltesten H\u00e4user von Wilnsdorf und steht im alten Ortskern, welcher sich rund um die ev. Kirche erstreckt. Das als\u00a0Bauernhaus errichtete Geb\u00e4ude wurde\u00a0als solches viele hundert Jahre genutzt, bis\u00a0wir &hellip; <\/p>\n<p class=\"link-more\"><a href=\"https:\/\/www.mechels.de\/\" class=\"more-link\"><span class=\"screen-reader-text\">\u201eHerzlich Willkommen\u201c <\/span>weiterlesen<\/a><\/p>\n","protected":false},"author":2,"featured_media":588,"parent":0,"menu_order":0,"comment_status":"closed","ping_status":"closed","template":"","meta":{"om_disable_all_campaigns":false,"_monsterinsights_skip_tracking":false,"_monsterinsights_sitenote_active":false,"_monsterinsights_sitenote_note":"","_monsterinsights_sitenote_category":0,"footnotes":""},"class_list":["post-67","page","type-page","status-publish","has-post-thumbnail","hentry"],"aioseo_notices":[],"_links":{"self":[{"href":"https:\/\/www.mechels.de\/index.php?rest_route=\/wp\/v2\/pages\/67","targetHints":{"allow":["GET"]}}],"collection":[{"href":"https:\/\/www.mechels.de\/index.php?rest_route=\/wp\/v2\/pages"}],"about":[{"href":"https:\/\/www.mechels.de\/index.php?rest_route=\/wp\/v2\/types\/page"}],"author":[{"embeddable":true,"href":"https:\/\/www.mechels.de\/index.php?rest_route=\/wp\/v2\/users\/2"}],"replies":[{"embeddable":true,"href":"https:\/\/www.mechels.de\/index.php?rest_route=%2Fwp%2Fv2%2Fcomments&post=67"}],"version-history":[{"count":22,"href":"https:\/\/www.mechels.de\/index.php?rest_route=\/wp\/v2\/pages\/67\/revisions"}],"predecessor-version":[{"id":690,"href":"https:\/\/www.mechels.de\/index.php?rest_route=\/wp\/v2\/pages\/67\/revisions\/690"}],"wp:featuredmedia":[{"embeddable":true,"href":"https:\/\/www.mechels.de\/index.php?rest_route=\/wp\/v2\/media\/588"}],"wp:attachment":[{"href":"https:\/\/www.mechels.de\/index.php?rest_route=%2Fwp%2Fv2%2Fmedia&parent=67"}],"curies":[{"name":"wp","href":"https:\/\/api.w.org\/{rel}","templated":true}]}}

<p>in den Gästeappartements Mechels</p>
<p>Nach einer Kernsanierung von „Mechels Huss“ wurden für Sie drei Ferienwohnungen eingerichtet.</p>
<p>Das 1676 erbaute Fachwerkhaus mit dem Hausnamen „Mechels“ ist eines der ältesten Häuser von Wilnsdorf und steht im alten Ortskern, welcher sich rund um die ev. Kirche erstreckt.<br />
Das als Bauernhaus errichtete Gebäude wurde als solches viele hundert Jahre genutzt, bis wir 2005 mit der Kernsanierung des Gebäudes begannen und es aus seinem Dornröschenschlaf erweckten.</p>
<p>Heute erstrahlt das Fachwerk in seinen ursprünglichen Farben braun und weiß und der neugestaltete Garten mit seinen duftenden Blumen und Kräutern lädt zu gemütlichen Stunden auf der Terrasse ein.</p>
<p>Im Erdgeschoss des Haupthauses befindet sich das erste Gästeappartement. Dieses wurde 2011 fertiggestellt und barrierefrei gestaltet, denn es ist uns wichtig, dass diese Wohnung für Menschen mit und ohne Handicap genutzt werden kann und Sie sich bei uns rundum wohl fühlen.</p>
<p>Im Nebengebäude welches wir von 2018 &#8211; 2021 ebenfalls kernsaniert haben, erwarten Sie zwei weitere außergewöhnliche Ferienappartements mit ganz besonderer Atmosphäre aus alter Bausubstanz und modernem Einrichtungsstil in der Sie sich sofort heimisch fühlen und Ihren Aufenthalt entspannt genießen werden.</p>
<p>Die Qualität unserer Unterkünfte wurde im November 2022 mit folgenden Auszeichnungen bestätigt:</p>
<p><a href="http://sterneferien.de"><img loading="lazy" decoding="async" class="alignnone wp-image-640" src="http://wp.mechels.de/wp-content/uploads/2022/11/img_5177-300x300.png" alt="" width="222" height="222" srcset="https://www.mechels.de/wp-content/uploads/2022/11/img_5177-300x300.png 300w, https://www.mechels.de/wp-content/uploads/2022/11/img_5177-150x150.png 150w, https://www.mechels.de/wp-content/uploads/2022/11/img_5177-768x768.png 768w, https://www.mechels.de/wp-content/uploads/2022/11/img_5177-100x100.png 100w, https://www.mechels.de/wp-content/uploads/2022/11/img_5177.png 1000w" sizes="auto, (max-width: 222px) 100vw, 222px" /></a>   <a href="http://www.rothaarsteig.de/" target="_blank" rel="noopener"><img loading="lazy" decoding="async" class="alignnone wp-image-636" src="http://wp.mechels.de/wp-content/uploads/2022/11/52925418-1EC8-4CE4-B65D-8DBF08F4352F-212x300.jpeg" alt="" width="157" height="222" srcset="https://www.mechels.de/wp-content/uploads/2022/11/52925418-1EC8-4CE4-B65D-8DBF08F4352F-212x300.jpeg 212w, https://www.mechels.de/wp-content/uploads/2022/11/52925418-1EC8-4CE4-B65D-8DBF08F4352F.jpeg 650w" sizes="auto, (max-width: 157px) 100vw, 157px" /></a>      <a href="http://www.wanderbares-deutschland.de/" target="_blank" rel="noopener"><img loading="lazy" decoding="async" class="alignnone wp-image-637" src="http://wp.mechels.de/wp-content/uploads/2022/11/22CDAB3B-E6C3-44A5-86FF-93F780380E8E-270x300.jpeg" alt="" width="200" height="222" srcset="https://www.mechels.de/wp-content/uploads/2022/11/22CDAB3B-E6C3-44A5-86FF-93F780380E8E-270x300.jpeg 270w, https://www.mechels.de/wp-content/uploads/2022/11/22CDAB3B-E6C3-44A5-86FF-93F780380E8E-768x852.jpeg 768w, https://www.mechels.de/wp-content/uploads/2022/11/22CDAB3B-E6C3-44A5-86FF-93F780380E8E.jpeg 804w" sizes="auto, (max-width: 200px) 100vw, 200px" /></a></p>
<p>Im April 2024 wurden die Gästeappartements zusätzlich zum nachhaltigen Reiseziel ernannt.</p>
<p><img loading="lazy" decoding="async" class="alignnone size-medium wp-image-680" src="https://www.mechels.de/wp-content/uploads/2024/04/Bild-300x118.jpeg" alt="" width="300" height="118" srcset="https://www.mechels.de/wp-content/uploads/2024/04/Bild-300x118.jpeg 300w, https://www.mechels.de/wp-content/uploads/2024/04/Bild.jpeg 380w" sizes="auto, (max-width: 300px) 100vw, 300px" /></p>
<p>Wir hoffen Sie bald herzlichst willkommen zu heißen.</p>
<p>Genießen Sie die Zeit bei uns und erholen Sie sich gut!</p>
<p>Ihre Familie Braukmann</p>

<p>in den Gästeappartements Mechels Nach einer Kernsanierung von „Mechels Huss“ wurden für Sie drei Ferienwohnungen eingerichtet. Das 1676 erbaute Fachwerkhaus mit dem Hausnamen „Mechels“ ist eines der ältesten Häuser von Wilnsdorf und steht im alten Ortskern, welcher sich rund um die ev. Kirche erstreckt. Das als Bauernhaus errichtete Gebäude wurde als solches viele hundert Jahre genutzt, bis wir &hellip; </p>
<p class="link-more"><a href="https://www.mechels.de/" class="more-link"><span class="screen-reader-text">„Herzlich Willkommen“ </span>weiterlesen</a></p>
